. What are the prime factors of l?
5
Suppose -7767 - 4235 = -17*v. What are the prime factors of v?
2, 353
Let s be (0 - 0)*1/2. Suppose g + s - 8 = 0. Let r(x) = -x**2 + 11*x + 3. List the prime factors of r(g).
3
Let w = -3 + 9. Let z(r) = 3*r**2 - 9. Let i(u) = -4*u**2 + 10. Let j(k) = 2*i(k) + 3*z(k). List the prime factors of j(w).
29
What are the prime factors of 535 + (-1)/(105/(-20) - -5)?
7, 11
Suppose -2*c - 5 = -l - 5*c, 3*l = -2*c + 22. Let y be 7/(-2)*(-12)/2. Suppose -9*r + y = -l*r. What are the prime factors of r?
3, 7
Suppose -337 = 3*i - 1135. What are the prime factors of i?
2, 7, 19
Let y(k) be the first derivative of k**4/4 + 10*k**3/3 + 6*k**2 + 14*k - 14. List the prime factors of y(-8).
2, 23
Suppose 5*g - 7 = 13. Suppose -u + 20 = -5*n, g*n = 5*u - 127 - 15. Suppose u = 2*k - 2. What are the prime factors of k?
2
What are the prime factors of (-6 - 4249/14)*(-11 - 1)?
2, 3, 619
Let f be 1/(-2)*192/8. Let i(z) = z**2 - 8*z - 11. What are the prime factors of i(f)?
229
Let t(w) = -435*w + 166. What are the prime factors of t(-4)?
2, 953
Let i(l) = -10*l. Let f be i(-2). Suppose -f = -0*r - 4*r. What are the prime factors of ((-5)/r)/((-3)/135)?
3, 5
Suppose -4*t = -2*p - 4, -t + 4*p + 2 = -13. Let i(h) = 44*h**2 + 2*h + 2. What are the prime factors of i(t)?
2, 11
Let t be (-33)/(-5) + (-4)/(-10). Let v = 14 - t. Let o = v + 23. List the prime factors of o.
2, 3, 5
Let m be (-272)/(-34) - (2 + 6). Let t(s) be the first derivative of -s**4/4 + s**2/2 + 37*s - 1. What are the prime factors of t(m)?
37
Let z be 0*5/(3 + 2). Suppose z = -4*y + 3*y + 19. Suppose 16*t - y*t = -141. What are the prime factors of t?
47
Let u(i) = -31*i + 1. List the prime factors of u(-4).
5
Suppose 0 = -18*z + 2649 + 1365. Let r = z - -83. What are the prime factors of r?
2, 3, 17
Let f = 284 - -861. What are the prime factors of f?
5, 229
Let u be -9*(1 - (-128)/12). Let a = 18 + -24. What are the prime factors of (u/a)/(-5)*-4?
2, 7
Let i = 7833 + -3419. List the prime factors of i.
2, 2207
What are the prime factors of (26/10)/(1 - (-234)/(-235))?
13, 47
Let g = 1869 + -1349. What are the prime factors of g?
2, 5, 13
Let w be (-29)/(0 + (-1)/1). Suppose -532 = 42*c - 14*c. Let j = w + c. List the prime factors of j.
2, 5
Suppose 19*r - 124*r = -374325. List the prime factors of r.
5, 23, 31
Let i(r) = -r**2 + 7*r + 10. Let s be i(8). Suppose 5*c + 67 = 2*m, -s*m - 26 = -3*m + 5*c. List the prime factors of m.
41
Let g be 6/(-4)*(-6)/9. What are the prime factors of (-213)/(-2) - g*(-2)/4?
107
Let d be -33 + 5 + 2 + -3. Let l = d + 31. Suppose l*j - 5*a + 7 = 97, -78 = -2*j - a. List the prime factors of j.
2, 5
Let z(r) = -r + 13. Suppose 32 + 22 = 3*k. Let y be (135/k)/((-1)/2). List the prime factors of z(y).
2, 7
Let d = 2452 + -1228. List the prime factors of d.
2, 3, 17
Let t(x) = 13*x**2 - 77*x - 542. List the prime factors of t(-7).
2, 317
Suppose 4*z = g + 4, 7 = 4*z - 1. List the prime factors of 6 + 636/g - 0/2.
3, 5, 11
Suppose 440 = 7*i - 3*i. Suppose -91 = -5*u - 4*z - 311, -3*u + 2*z = i. Let a = u + 58. What are the prime factors of a?
2, 3
Suppose -o + 5*u = -201 - 5098, 0 = 2*o + 4*u - 10570. List the prime factors of o.
3, 41, 43
Suppose 64*i - 65*i = -520. What are the prime factors of i?
2, 5, 13
List the prime factors of (141/4)/(24/544).
17, 47
Let t(p) = -p + 13. Let y be t(2). Let w(m) = m**3 - 10*m**2 - 5*m - 6. What are the prime factors of w(y)?
2, 3, 5
Let k(p) = -3*p + 30. Let h be k(9). Suppose 3*z = -4*c - 2*z + 102, 3*c - 75 = -h*z. What are the prime factors of c?
23
Suppose -2565 = -2*a + 2*r - 545, -4*a - r + 4015 = 0. List the prime factors of a.
3, 5, 67
Let k(z) = -16*z - 37. List the prime factors of k(-14).
11, 17
Let q = 176 + -104. Suppose -4*p - k - 288 = k, -p - 3*k - q = 0. What are the prime factors of (21/(-4))/(27/p)?
2, 7
Let l be 6/5*(-50)/(-20). Suppose -l*t = -u, -t = -u + 2*u. Suppose -m - 5*m + 270 = u. List the prime factors of m.
3, 5
Let o(x) = 3*x. Let f be o(-7). Let q = 30 - f. What are the prime factors of q?
3, 17
Suppose 3300 = -4*g + 15*g. What are the prime factors of g?
2, 3, 5
Suppose 2*g - 5*q = 0, -3*q = -5*g + q. Suppose -4*t + 3*t = g. Suppose 2*f - 5*v - 54 = t, f - 3*v - 32 = -7. What are the prime factors of f?
37
Suppose 15 = -5*a + 3*i - 16, 0 = -5*i - 15. Let d = 8 + a. Suppose 3*b - 2*m - 70 = d, -2*m + 70 = 2*b + 2*b. List the prime factors of b.
2, 5
Suppose -327 = -s - 3*s - m, -2*s + 161 = m. Let q = 110 - s. What are the prime factors of q?
3
Let b = 3292 - 1216. List the prime factors of b.
2, 3, 173
Suppose 29 = -124*w + 125*w. List the prime factors of w.
29
Let z be -6*(-2 - 5/(-2)). List the prime factors of (-2)/(z + 4)*-79.
2, 79
Let i be 6*(0 - (-4)/8). Suppose -5*l + i*p + 755 = -2*p, 5*p - 302 = -2*l. List the prime factors of l.
151
Suppose 996 + 6180 = 13*d. List the prime factors of d.
2, 3, 23
Suppose 9*m - 4522 = 2*m. List the prime factors of m.
2, 17, 19
Let q = -11 - 8. Let g = q - -29. Let h = g - -5. What are the prime factors of h?
3, 5
Suppose 886 = u - 4*x, 11*x - 9*x = 4*u - 3572. List the prime factors of u.
2, 3, 149
Let p be 38/(-2) - (4 - 3). Suppose -5*r + a - 180 = 172, r = 2*a - 74. Let d = p - r. List the prime factors of d.
2, 5
Suppose 38*z - 109356 = -40*z. List the prime factors of z.
2, 701
Let h(m) = m**3 + 8*m**2 + 4*m - 9. Let w(f) = f**3 - 6*f**2 - 2*f + 1. Let c be w(6). Let k = c + 4. List the prime factors of h(k).
2, 3
Suppose 9*k + 5*j = 4*k + 810, 2*j = 4*k - 666. What are the prime factors of k?
3, 5, 11
Suppose 5*z - 2*f - 2256 = 2376, -4*z + 3*f = -3707. What are the prime factors of z?
2, 463
Suppose 0 = -o + z - 2*z - 17, 2*o - 4*z = -28. Let c be -1 - ((-1 - 29) + 1). Let d = c + o. List the prime factors of d.
2, 3
Let w be 2*-6*2/(-8). Let b = 0 + w. Suppose -b*r + 5*c = r - 122, 2*c = -4. What are the prime factors of r?
2, 7
Suppose 3*i = 5*h - 9 - 14, -2 = -2*i - h. Let q be (-5)/(i + 0 + 0). Suppose -b = q*s - 27 - 53, -5*s + 95 = 4*b. List the prime factors of s.
3, 5
Let b be (-8)/20 + (-26)/10. Let a(k) = -k**2 - k + 6. Let v be a(b). Suppose -f - 3*l = 3, 0 = -3*f - v*l - 2*l + 12. List the prime factors of f.
2, 3
List the prime factors of ((-288)/42)/(522/(-518) - -1).
2, 3, 37
Suppose 9*k - 3229 = 704. Suppose -15 = -3*x, -3*o + x + k + 329 = 0. What are the prime factors of o?
257
Let b(o) = -16*o + 187. What are the prime factors of b(-14)?
3, 137
Let d(r) = r + 0 + 1 + 3*r + 12*r. What are the prime factors of d(3)?
7
Let r(h) = h**2 - 11*h + 29. Let a(n) = -5*n + 14. Let y(l) = -9*a(l) + 4*r(l). List the prime factors of y(-5).
5, 17
Let n(o) = o**3 + 22*o**2 + 43*o + 16. List the prime factors of n(-17).
2, 5, 73
Suppose 71 + 3 = 2*v. Suppose 0 = -3*a + v + 56. Suppose 97 = 2*u + a. What are the prime factors of u?
3, 11
Suppose r = 2 + 65. Suppose -2*z + 65 = -0*z - 5*d, -3*d - r = -2*z. List the prime factors of z.
5, 7
Let m be 660/24*(-2)/(-5). Suppose -342 = -m*b + 2*b. List the prime factors of b.
2, 19
Suppose -6*a - 266 = -266. Let k(y) = 5*y - 3*y + 5 - 3*y. List the prime factors of k(a).
5
Suppose 8*u - 14 = u. List the prime factors of (-1194)/(-15) + u*(-1)/(-5).
2, 5
Suppose -d - 52 - 25 = 4*c, -2*d - 2 = 0. Let f = 3 - c. What are the prime factors of f?
2, 11
Suppose -3*y = -2*a - 3*a + 86, 0 = 4*y - 3*a + 111. Let b = y - -31. What are the prime factors of b?
2
Suppose -5*t = 325 + 990. Let z = -85 - t. What are the prime factors of z?
2, 89
Let j = 3246 - 401. List the prime factors of j.
5, 569
Let k = 593 + -146. List the prime factors of k.
3, 149
Suppose 3 = -0*h + h. Suppose 0 = -h*o + 7*o - 28. Let r = o + -5. List the prime factors of r.
2
Let b = -312 + 64. Let c = b - -411. What are the prime factors of c?
163
Let p = 9004 - 5618. List the prime factors of p.
2, 1693
Suppose 14*l = 2*w + 15*l - 36, 4*w + l - 70 = 0. List the prime factors of w.
17
Let y be 60/14 - 2/7. Let s(z) = 16*z + 6. Let j be s(y). Suppose 24 = w - 3*q, 0*w - 5*w = -5*q - j. List the prime factors of w.
3
Suppose -5*r + 2*p = -2, -3*r + 2*r - 3*p + 14 = 0. Suppose 6*n + 40 = r*n. List the prime factors of (8/n)/((-21)/735).
2, 7
Let v = 25 - 25. Suppose f - 2*f - 1 = v, -2*d - 2*f = -44